 787
List the prime factors of 30151611.
3, 7, 68371
What are the prime factors of 89056456?
2, 449, 24793
List the prime factors of 162575933.
13, 12505841
What are the prime factors of 64848228?
2, 3, 67, 80657
List the prime factors of 1781815406.
2, 7, 127272529
What are the prime factors of 37159769?
37159769
What are the prime factors of 8342272534?
2, 43, 239, 405871
List the prime factors of 368988131.
368988131
List the prime factors of 1157097602.
2, 578548801
What are the prime factors of 3261096?
2, 3, 45293
List the prime factors of 949769905.
5, 7, 59, 459937
What are the prime factors of 235771987?
11, 241, 88937
List the prime factors of 81137504.
2, 7, 362221
List the prime factors of 107490793.
107490793
What are the prime factors of 215109393?
3, 19, 3773849
What are the prime factors of 5125983951?
3, 11, 19, 31, 263723
What are the prime factors of 59908522?
2, 71, 421891
What are the prime factors of 149352669?
3, 16594741
List the prime factors of 979969905.
3, 5, 41, 137, 3877
List the prime factors of 406656534.
2, 3, 2081, 32569
What are the prime factors of 25154436?
2, 3, 53, 39551
List the prime factors of 112327026.
2, 3, 7, 2674453
List the prime factors of 303095418.
2, 3, 50515903
List the prime factors of 63997876.
2, 3389, 4721
What are the prime factors of 2625939778?
2, 7, 11, 17051557
What are the prime factors of 4138317568?
2, 7, 11, 209939
List the prime factors of 20011016.
2, 79, 31663
List the prime factors of 130434427.
59, 227, 9739
What are the prime factors of 3109449770?
2, 5, 7, 17, 2612983
List the prime factors of 89880522.
2, 3, 1117, 13411
What are the prime factors of 338291850?
2, 3, 5, 13, 173483
List the prime factors of 100412348.
2, 31, 263, 3079
List the prime factors of 80217921.
3, 7, 3819901
List the prime factors of 296355938.
2, 59, 89, 28219
List the prime factors of 453590999.
453590999
List the prime factors of 2171302133.
7, 11, 13, 2169133
What are the prime factors of 25562998?
2, 509, 25111
List the prime factors of 4274664788.
2, 313, 3414269
List the prime factors of 101951461.
41, 677, 3673
What are the prime factors of 1077844252?
2, 53, 5084171
What are the prime factors of 165737419?
165737419
List the prime factors of 79719846.
2, 3, 151, 87991
List the prime factors of 68610639.
3, 709, 32257
List the prime factors of 2110129423.
67, 31494469
List the prime factors of 833039351.
833039351
List the prime factors of 368118871.
368118871
What are the prime factors of 500658521?
11, 45514411
What are the prime factors of 183468372?
2, 3, 15289031
List the prime factors of 26553390.
2, 3, 5, 383, 2311
What are the prime factors of 36901858?
2, 7, 67, 39341
List the prime factors of 574214800.
2, 5, 1435537
List the prime factors of 69152386.
2, 53, 652381
List the prime factors of 412423465.
5, 23, 727, 4933
List the prime factors of 3985961357.
7, 461, 1235191
What are the prime factors of 282566490?
2, 3, 5, 9418883
List the prime factors of 1400915893.
13, 9697, 11113
List the prime factors of 147543811.
61, 1321, 1831
List the prime factors of 2407280619.
3, 1061, 756293
What are the prime factors of 1617284602?
2, 3359, 240739
List the prime factors of 4937694557.
17, 47, 541, 11423
List the prime factors of 2463840816.
2, 3, 31, 1655807
What are the prime factors of 465984409?
11, 1613, 26263
What are the prime factors of 1269913032?
2, 3, 19, 309433
List the prime factors of 11297211.
3, 29, 129853
List the prime factors of 469602868.
2, 7, 23, 73, 1427
List the prime factors of 69215406.
2, 3, 13, 887377
What are the prime factors of 836321039?
2857, 292727
What are the prime factors of 674004959?
151, 619, 7211
List the prime factors of 180941905.
5, 36188381
What are the prime factors of 166398383?
166398383
List the prime factors of 827700.
2, 3, 5, 31, 89
What are the prime factors of 202873211?
59, 3438529
What are the prime factors of 31254800?
2, 5, 78137
List the prime factors of 119721346.
2, 3571, 16763
List the prime factors of 74631355.
5, 29, 131, 3929
List the prime factors of 110961323.
11, 131, 77003
What are the prime factors of 55592621?
7, 7941803
What are the prime factors of 1079021673?
3, 1291, 92867
What are the prime factors of 32503168?
2, 37, 6863
What are the prime factors of 516356145?
3, 5, 11474581
What are the prime factors of 23927716?
2, 191, 31319
List the prime factors of 557012938.
2, 887, 313987
What are the prime factors of 553094559?
3, 61454951
List the prime factors of 707937181.
7, 233, 421, 1031
List the prime factors of 6190389.
3, 83, 8287
List the prime factors of 893305887.
3, 277, 1074977
List the prime factors of 167287171.
167287171
What are the prime factors of 112258211?
13, 137, 63031
List the prime factors of 3105643.
3105643
What are the prime factors of 690076485?
3, 5, 7, 19, 115301
What are the prime factors of 1844735337?
3, 68323531
What are the prime factors of 27490975?
5, 43, 107, 239
List the prime factors of 1773263566.
2, 886631783
List the prime factors of 19773146.
2, 23, 429851
List the prime factors of 55756514.
2, 11, 139, 18233
What are the prime factors of 5361108259?
13, 193, 227, 9413
What are the prime factors of 151731579?
3, 17, 2975129
List the prime factors of 16691441.
13, 1283957
What are the prime factors of 101329051?
37, 2738623
List the prime factors of 923750338.
2, 7, 31, 43, 49499
What are the prime factors of 262126289?
487, 538247
List the prime factors of 117574963.
11, 89, 120097
What are the prime factors of 292994459?
19, 811619
List the prime factors of 52721735.
5, 11, 958577
List the prime factors of 47422723.
233, 203531
List the prime factors of 286332975.
3, 5, 5237
What are the prime factors of 51888998?
2, 7, 17, 218021
List the prime factors of 72154067.
72154067
List the prime factors of 47174528.
2, 368551
List the prime factors of 11121851.
13, 855527
List the prime factors of 837433472.
2, 257, 25457
List the prime factors of 70401450.
2, 3, 5, 7, 67049
What are the prime factors of 465095372?
2, 7, 16610549
What are the prime factors of 64491470?
2, 5, 31, 208037
What are the prime factors of 2496793484?
2, 367, 1700813
What are the prime factors of 35337573?
3, 29, 45131
List the prime factors of 121799086.
2, 60899543
List the prime factors of 95767365.
3, 5, 6384491
List the prime factors of 260288183.
31, 271, 30983
What are the prime factors of 1534072420?
2, 5, 151, 507971
List the prime factors of 224914467.
3, 43, 1743523
List the prime factors of 45450243.
3, 431, 11717
List the prime factors of 1880671895.
5, 29, 12970151
What are the prime factors of 2743850965?
5, 139, 3947987
What are the prime factors of 63707044?
2, 37, 430453
List the prime factors of 150451637.
7, 21493091
What are the prime factors of 667802861?
11, 19, 23, 138923
List the prime factors of 24470689.
19, 23, 55997
List the prime factors of 5764896.
2, 3, 37, 541
What are the prime factors of 527119811?
527119811
List the prime factors of 91007300.
2, 5, 881, 1033
List the prime factors of 8094855229.
167, 48472187
What are the prime factors of 204307010?
2, 5, 4021, 5081
List the prime factors of 21562776.
2, 3, 23, 29, 449
What are the prime factors of 81145977?
3, 11, 317, 7757
What are the prime factors of 1810960804?
2, 137, 3304673
What are the prime factors of 144822713?
7, 20688959
What are the prime factors of 19717145?
5, 7, 613, 919
List the prime factors of 748680825.
3, 5, 653, 15287
List the prime factors of 2878587465.
3, 5, 13, 73, 202219
List the prime factors of 8455060745.
5, 31, 277, 196927
What are the prime factors of 174286046?
2, 11, 7922093
List the prime factors of 9589475979.
3, 6449, 55073
What are the prime factors of 1677222285?
3, 5, 5483, 20393
What are the prime factors of 14421025?
5, 397, 1453
What are the prime factors of 19407266?
2, 491, 19763
List the prime factors of 277935198.
2, 3, 46322533
List the prime factors of 26523076.
2, 6630769
What are the prime factors of 22405321?
22405321
What are the prime factors of 143805773?
143805773
List the prime factors of 1814003405.
5, 199, 1823119
List the prime factors of 1342654116.
2, 3, 10499, 10657
List the prime factors of 90271544.
2, 11, 227, 4519
What are the prime factors of 